 12050?
17
What is the remainder when 1917 is divided by 42?
27
What is the remainder when 12891 is divided by 42?
39
What is the remainder when 12236 is divided by 161?
0
Calculate the remainder when 419148 is divided by 16.
12
What is the remainder when 127533 is divided by 5544?
21
What is the remainder when 7159 is divided by 252?
103
Calculate the remainder when 783596 is divided by 763.
758
Calculate the remainder when 44166 is divided by 35.
31
What is the remainder when 11462 is divided by 636?
14
What is the remainder when 2724 is divided by 15?
9
What is the remainder when 73735 is divided by 18430?
15
Calculate the remainder when 596 is divided by 189.
29
Calculate the remainder when 42146 is divided by 1351.
265
What is the remainder when 7674 is divided by 1273?
36
What is the remainder when 182337 is divided by 61?
8
What is the remainder when 431802 is divided by 489?
15
What is the remainder when 1159 is divided by 336?
151
What is the remainder when 11424 is divided by 1268?
12
Calculate the remainder when 6518 is divided by 138.
32
What is the remainder when 71913 is divided by 26?
23
Calculate the remainder when 21524 is divided by 2690.
4
What is the remainder when 3337 is divided by 162?
97
What is the remainder when 2924905 is divided by 18?
13
Calculate the remainder when 1507 is divided by 325.
207
Calculate the remainder when 8623 is divided by 8614.
9
What is the remainder when 8697 is divided by 116?
113
Calculate the remainder when 2863 is divided by 711.
19
Calculate the remainder when 239460 is divided by 285.
60
What is the remainder when 61913 is divided by 61878?
35
Calculate the remainder when 11333 is divided by 38.
9
Calculate the remainder when 339202 is divided by 1776.
1762
What is the remainder when 1051 is divided by 116?
7
Calculate the remainder when 2464 is divided by 684.
412
Calculate the remainder when 4193 is divided by 1146.
755
Calculate the remainder when 30532 is divided by 111.
7
What is the remainder when 24478 is divided by 9?
7
Calculate the remainder when 7388 is divided by 19.
16
What is the remainder when 2614 is divided by 32?
22
Calculate the remainder when 873 is divided by 119.
40
What is the remainder when 9429 is divided by 662?
161
Calculate the remainder when 1784163 is divided by 309.
306
What is the remainder when 47187 is divided by 46?
37
Calculate the remainder when 1356338 is divided by 1858.
1856
Calculate the remainder when 4999 is divided by 161.
8
What is the remainder when 1218182 is divided by 19?
16
Calculate the remainder when 56499 is divided by 351.
339
What is the remainder when 4072 is divided by 120?
112
Calculate the remainder when 792790 is divided by 72.
70
What is the remainder when 1920 is divided by 373?
55
Calculate the remainder when 536 is divided by 25.
11
Calculate the remainder when 70410 is divided by 479.
476
What is the remainder when 1766 is divided by 855?
56
Calculate the remainder when 2897 is divided by 59.
6
Calculate the remainder when 15908 is divided by 2264.
60
Calculate the remainder when 1544711 is divided by 58.
55
What is the remainder when 6207 is divided by 195?
162
Calculate the remainder when 2781 is divided by 163.
10
What is the remainder when 84011 is divided by 109?
81
Calculate the remainder when 117659 is divided by 268.
7
Calculate the remainder when 23777 is divided by 23753.
24
What is the remainder when 30804 is divided by 3072?
84
Calculate the remainder when 8911 is divided by 8894.
17
Calculate the remainder when 24018 is divided by 4781.
113
Calculate the remainder when 104151 is divided by 1241.
1148
Calculate the remainder when 8803 is divided by 2179.
87
What is the remainder when 15031 is divided by 1501?
21
Calculate the remainder when 19509 is divided by 290.
79
What is the remainder when 62870 is divided by 10477?
8
What is the remainder when 2074 is divided by 913?
248
What is the remainder when 11441699 is divided by 225?
224
What is the remainder when 2444 is divided by 492?
476
What is the remainder when 33563 is divided by 442?
413
Calculate the remainder when 5227 is divided by 655.
642
What is the remainder when 3078 is divided by 24?
6
What is the remainder when 169217 is divided by 9?
8
What is the remainder when 984 is divided by 133?
53
What is the remainder when 365921 is divided by 252?
17
Calculate the remainder when 9002 is divided by 822.
782
What is the remainder when 52823 is divided by 6?
5
What is the remainder when 1373 is divided by 1179?
194
Calculate the remainder when 104277 is divided by 2744.
5
Calculate the remainder when 7697 is divided by 226.
13
What is the remainder when 1894 is divided by 751?
392
What is the remainder when 10750 is divided by 10639?
111
What is the remainder when 24223 is divided by 24205?
18
What is the remainder when 20472 is divided by 234?
114
Calculate the remainder when 5962 is divided by 78.
34
Calculate the remainder when 371980 is divided by 347.
343
Calculate the remainder when 98177 is divided by 63.
23
What is the remainder when 50488 is divided by 3150?
88
Calculate the remainder when 845 is divided by 747.
98
Calculate the remainder when 582 is divided by 193.
3
Calculate the remainder when 111308 is divided by 249.
5
What is the remainder when 32691 is divided by 122?
117
Calculate the remainder when 4735 is divided by 421.
104
What is the remainder when 9045 is divided by 156?
153
Calculate the remainder when 8970 is divided by 1495.
0
Calculate the remainder when 522237 is divided by 408.
405
What is the remainder when 47983 is divided by 372?
367
What is the remainder when 35388 is divided by 79?
75
Calculate the remainder when 802862 is divided by 40.
22
Calculate the remainder when 1525 is divided by 507.
4
What is the remainder when 41303 is divided by 158?
65
Calculate the remainder when 165 is divided by 2.
1
What is the remainder when 244 is divided by 160?
84
Calculate the remainder when 347610 is divided by 3547.
4
Calculate the remainder when 2741919 is divided by 74.
71
Calculate the remainder when 180 is divided by 62.
56
Calculate the remainder when 17504 is divided by 44.
36
What is the remainder when 629635 is divided by 16569?
13
Calculate the remainder when 104139 is divided by 4.
3
Calculate the remainder when 4709 is divided by 12.
5
What is the remainder when 422192 is divided by 85?
82
Calculate the remainder when 5155 is divided by 1270.
75
Calculate the remainder when 801 is divided by 63.
45
Calculate the remainder when 298383 is divided by 16.
15
What is the remainder when 277 is divided by 97?
83
Calculate the remainder when 411968 is divided by 205965.
38
Calculate the remainder when 2857 is divided by 82.
69
What is the remainder when 4108 is divided by 14?
6
Calculate the remainder when 163421 is divided by 139.
96
What is the remainder when 124956 is divided by 817?
772
What is the remainder when 14425 is divided by 164?
157
Calculate the remainder when 28588 is divided by 40.
28
Calculate the remainder when 39185 is divided by 4.
1
What is the remainder when 2505 is divided by 1929?
576
Calculate the remainder when 3641 is divided by 96.
89
What is the remainder when 3504 is divided by 6?
0
What is the remainder when 1189 is divided by 249?
193
Calculate the remainder when 3359 is divided by 58.
53
Calculate the remainder when 5451 is divided by 37.
12
Calculate the remainder when 48839 is divided by 27.
23
What is the remainder when 83960 is divided by 3358?
10
What is the remainder when 273 is divided by 257?
16
Calculate the remainder when 26167 is divided by 6532.
39
What is the remainder when 66745 is divided by 66714?
31
Calculate the remainder when 32847 is divided by 456.
15
What is the remainder when 19727 is divided by 777?
302
What is the remainder when 69745 is divided by 79?
67
Calculate the remainder when 27341 is divided by 516.
509
Calculate the remainder when 33291 is divided by 32.
11
What is the remainder when 23507 is divided by 11729?
49
Calculate the remainder when 488916 is divided by 63.
36
What is the remainder when 47120 is divided by 23534?
52
Calculate the remainder when 25368 is divided by 10.
8
Calculate the remainder when 211241 is divided by 34.
33
What is the remainder wh